the thousands digit of 54088?
4
What is the thousands digit of 9747789?
7
What is the millions digit of 2490916?
2
What is the hundreds digit of 464683?
6
What is the units digit of 188273?
3
What is the millions digit of 14046242?
4
What is the hundreds digit of 447951?
9
What is the ten thousands digit of 182602?
8
What is the thousands digit of 2716962?
6
What is the units digit of 26472?
2
What is the ten thousands digit of 332595?
3
What is the tens digit of 940873?
7
What is the millions digit of 6926269?
6
What is the units digit of 3227729?
9
What is the tens digit of 11577?
7
What is the hundred thousands digit of 12834359?
8
What is the tens digit of 147957?
5
What is the hundred thousands digit of 187632?
1
What is the ten thousands digit of 1042851?
4
What is the thousands digit of 6501?
6
What is the units digit of 8185?
5
What is the millions digit of 21382397?
1
What is the ten thousands digit of 1971097?
7
What is the units digit of 23887909?
9
What is the thousands digit of 190514?
0
What is the hundreds digit of 1167546?
5
What is the units digit of 21271?
1
What is the ten thousands digit of 4754515?
5
What is the hundred thousands digit of 1275209?
2
What is the ten thousands digit of 195287?
9
What is the hundred thousands digit of 13074994?
0
What is the millions digit of 13412752?
3
What is the hundreds digit of 31319859?
8
What is the hundred thousands digit of 4987460?
9
What is the thousands digit of 10490?
0
What is the tens digit of 4651030?
3
What is the tens digit of 28229901?
0
What is the ten thousands digit of 622300?
2
What is the hundred thousands digit of 643324?
6
What is the ten millions digit of 15442919?
1
What is the tens digit of 15707942?
4
What is the tens digit of 32684?
8
What is the hundred thousands digit of 3326678?
3
What is the hundreds digit of 7277546?
5
What is the units digit of 3477801?
1
What is the hundreds digit of 5201358?
3
What is the hundreds digit of 177692?
6
What is the hundred thousands digit of 11072342?
0
What is the ten thousands digit of 265952?
6
What is the hundreds digit of 30808492?
4
What is the units digit of 7731575?
5
What is the hundred thousands digit of 2046388?
0
What is the tens digit of 431295?
9
What is the hundreds digit of 4943344?
3
What is the ten thousands digit of 9004274?
0
What is the thousands digit of 1622338?
2
What is the hundred thousands digit of 9158582?
1
What is the millions digit of 4799337?
4
What is the millions digit of 2037614?
2
What is the thousands digit of 503024?
3
What is the millions digit of 18393801?
8
What is the hundred thousands digit of 183991?
1
What is the hundreds digit of 8254550?
5
What is the tens digit of 187339?
3
What is the thousands digit of 5395187?
5
What is the thousands digit of 5522041?
2
What is the thousands digit of 14689399?
9
What is the ten thousands digit of 273362?
7
What is the ten millions digit of 10136462?
1
What is the ten thousands digit of 159057?
5
What is the tens digit of 19733208?
0
What is the tens digit of 65949?
4
What is the tens digit of 6690747?
4
What is the hundred thousands digit of 2009069?
0
What is the ten thousands digit of 59346?
5
What is the ten thousands digit of 7070213?
7
What is the thousands digit of 35141363?
1
What is the tens digit of 1085699?
9
What is the thousands digit of 84417?
4
What is the millions digit of 2303738?
2
What is the units digit of 116427?
7
What is the thousands digit of 48870?
8
What is the ten thousands digit of 47180?
4
What is the units digit of 8979?
9
What is the hundreds digit of 365568?
5
What is the hundreds digit of 5047780?
7
What is the units digit of 885186?
6
What is the ten thousands digit of 339767?
3
What is the units digit of 47179?
9
What is the ten thousands digit of 780860?
8
What is the hundreds digit of 12059829?
8
What is the hundreds digit of 2690395?
3
What is the hundred thousands digit of 537127?
5
What is the thousands digit of 5661030?
1
What is the hundreds digit of 130756?
7
What is the ten thousands digit of 113665?
1
What is the hundred thousands digit of 2125621?
1
What is the millions digit of 5668542?
5
What is the units digit of 263498?
8
What is the hundred thousands digit of 917884?
9
What is the ten thousands digit of 3590703?
9
What is the units digit of 64513?
3
What is the tens digit of 4899668?
6
What is the units digit of 2801221?
1
What is the units digit of 443766?
6
What is the millions digit of 18457433?
8
What is the tens digit of 482737?
3
What is the hundred thousands digit of 1850310?
8
What is the ten thousands digit of 316049?
1
What is the thousands digit of 2110?
2
What is the units digit of 1241062?
2
What is the thousands digit of 241750?
1
What is the thousands digit of 7973918?
3
What is the units digit of 585469?
9
What is the ten thousands digit of 4425521?
2
What is the tens digit of 513168?
6
What is the hundreds digit of 7648449?
4
What is the units digit of 17230219?
9
What is the thousands digit of 507831?
7
What is the millions digit of 21851234?
1
What is the hundreds digit of 317812?
8
What is the tens digit of 667034?
3
What is the units digit of 1772869?
9
What is the ten thousands digit of 2837546?
3
What is the millions digit of 3838621?
3
What is the tens digit of 1963278?
7
What is the hundred thousands digit of 413505?
4
What is the thousands digit of 6061170?
1
What is the hundred thousands digit of 1077593?
0
What is the units digit of 7261267?
7
What is the ten thousands digit of 263492?
6
What is the hundreds digit of 38276774?
7
What is the units digit of 51061?
1
What is the units digit of 40442?
2
What is the ten thousands digit of 4386664?
8
What is the hundred thousands digit of 1323474?
3
What is the hundreds digit of 143257?
2
What is the thousands digit of 236183?
6
What is the units digit of 200917?
7
What is the millions digit of 2321013?
2
What is the millions digit of 4018585?
4
What is the hundreds digit of 64713?
7
What is the tens digit of 578786?
8
What is the units digit of 6535994?
4
What is the thousands digit of 1730139?
0
What is the tens digit of 540108?
0
What is the hundreds digit of 134940?
9
What is the tens digit of 9980070?
7
What is the units digit of 862511?
1
What is the units digit of 172915?
5
What is the tens digit of 32823?
2
What is the thousands digit of 137842?
7
What is the tens digit of 234561?
6
What is the tens digit of 21666836?
3
What is the thousands digit of 10244140?
4
What is the hundreds digit of 680891?
8
What is the tens digit of 10273840?
4
What is the ten thousands digit of 5241771?
4
What is the hundreds digit of 1040869?
8
What is the units digit of 552451?
1
What is the hundreds digit of 365680?
6
What is the tens digit of 4902500?
0
What is the thousands digit of 292536?
2
What is the thousands digit of 10537403?
7
What is the ten thousands digit of 10091368?
9
What is the hundred thousands digit of 138037?
1
What is the ten thousands digit of 312161?
1
What is the ten thousands digit of 1381573?
8
What is the thousands digit of 6376635?
6
What is the hundreds digit of 33654783?
7
What is the hundred thousands digit of 144866?
1
What is the ten thousands digit of 108268?
0
What is the hundreds digit of 4321410?
4
What is the millions digit of 2058809?
2
What is the millions digit of 2470576?
2
What is the units digit of 5103384?
4
What is the units digit of 938867?
7
What is the hundreds digit of 220698?
6
What is the hundreds digit of 1809130?
1
What is the hundreds digit of 1449008?
0
What is the millions digit of 2235178?
2
What is the hundreds digit of 399658?
6
What is the tens digit of 5961599?
9
What is the tens digit of 771073?
7
What is the ten thousands digit of 30610?
3
What is the tens digit of 139198?
9
What is the thousands digit of 21370678?
0
What is the tens digit of 251583?
8
What is the thousands digit of 3447699?
7
What is the hundred thousands digit of 13688707?
6
What is the tens digit of 4888261?
6
What is the thousands digit of 12068?
2
What is the tens digit of 4226132?
3
What is the thousands digit of 5451714?
1
What is the thousands digit of 103332?
3
What is the units digit of 17089?
9
What is the hundred thousands digit of 533516?
5
What is the tens digit of 2359611?
1
What i